{"version":"1.0","provider_name":"Santa Fe Casa de Valores S.A.","provider_url":"https:\/\/www.santafevalores.com","author_name":"admin","author_url":"https:\/\/www.santafevalores.com\/index.php\/author\/santafevaloresuio_ggv0vv79\/","title":"La primera deflaci\u00f3n global comenz\u00f3. Y no hay manera de saber qu\u00e9 tan grave ser\u00e1 - Santa Fe Casa de Valores S.A.","type":"rich","width":600,"height":338,"html":"<blockquote class=\"wp-embedded-content\" data-secret=\"EPBSy4o2yU\"><a href=\"https:\/\/www.santafevalores.com\/index.php\/2022\/10\/07\/la-primera-deflacion-global-comenzo\/\">La primera deflaci\u00f3n global comenz\u00f3. Y no hay manera de saber qu\u00e9 tan grave ser\u00e1<\/a><\/blockquote><iframe sandbox=\"allow-scripts\" security=\"restricted\" src=\"https:\/\/www.santafevalores.com\/index.php\/2022\/10\/07\/la-primera-deflacion-global-comenzo\/embed\/#?secret=EPBSy4o2yU\" width=\"600\" height=\"338\" title=\"\u00abLa primera deflaci\u00f3n global comenz\u00f3. Y no hay manera de saber qu\u00e9 tan grave ser\u00e1\u00bb \u2014 Santa Fe Casa de Valores S.A.\" data-secret=\"EPBSy4o2yU\" frameborder=\"0\" marginwidth=\"0\" marginheight=\"0\" scrolling=\"no\" class=\"wp-embedded-content\"><\/iframe><script>\n\/*! This file is auto-generated *\/\n!function(d,l){\"use strict\";l.querySelector&&d.addEventListener&&\"undefined\"!=typeof URL&&(d.wp=d.wp||{},d.wp.receiveEmbedMessage||(d.wp.receiveEmbedMessage=function(e){var t=e.data;if((t||t.secret||t.message||t.value)&&!\/[^a-zA-Z0-9]\/.test(t.secret)){for(var s,r,n,a=l.querySelectorAll('iframe[data-secret=\"'+t.secret+'\"]'),o=l.querySelectorAll('blockquote[data-secret=\"'+t.secret+'\"]'),c=new RegExp(\"^https?:$\",\"i\"),i=0;i<o.length;i++)o[i].style.display=\"none\";for(i=0;i<a.length;i++)s=a[i],e.source===s.contentWindow&&(s.removeAttribute(\"style\"),\"height\"===t.message?(1e3<(r=parseInt(t.value,10))?r=1e3:~~r<200&&(r=200),s.height=r):\"link\"===t.message&&(r=new URL(s.getAttribute(\"src\")),n=new URL(t.value),c.test(n.protocol))&&n.host===r.host&&l.activeElement===s&&(d.top.location.href=t.value))}},d.addEventListener(\"message\",d.wp.receiveEmbedMessage,!1),l.addEventListener(\"DOMContentLoaded\",function(){for(var e,t,s=l.querySelectorAll(\"iframe.wp-embedded-content\"),r=0;r<s.length;r++)(t=(e=s[r]).getAttribute(\"data-secret\"))||(t=Math.random().toString(36).substring(2,12),e.src+=\"#?secret=\"+t,e.setAttribute(\"data-secret\",t)),e.contentWindow.postMessage({message:\"ready\",secret:t},\"*\")},!1)))}(window,document);\n\/\/# sourceURL=https:\/\/www.santafevalores.com\/wp-includes\/js\/wp-embed.min.js\n<\/script>\n","thumbnail_url":"https:\/\/www.santafevalores.com\/wp-content\/uploads\/2022\/10\/04tooze-image-superJumbo.webp","thumbnail_width":2048,"thumbnail_height":2048,"description":"Por todo el mundo, la r\u00e1pida recuperaci\u00f3n econ\u00f3mica de la sacudida de la covid desat\u00f3 la mayor oleada inflacionaria que hab\u00edamos visto desde principios de los a\u00f1os ochenta. Para enfrentarla, en el verano de 2021, algunos bancos centrales comenzaron a elevar las tasas de inter\u00e9s. Brasil fue el primer pa\u00eds en hacerlo. A principios de&hellip;"}

La primera deflación global comenzó. Y no hay manera de saber qué tan grave será - Santa Fe Casa de Valores S.A.

<blockquote class="wp-embedded-content" data-secret="EPBSy4o2yU"><a href="https://www.santafevalores.com/index.php/2022/10/07/la-primera-deflacion-global-comenzo/">La primera deflación global comenzó. Y no hay manera de saber qué tan grave será</a></blockquote><iframe sandbox="allow-scripts" security="restricted" src="https://www.santafevalores.com/index.php/2022/10/07/la-primera-deflacion-global-comenzo/embed/#?secret=EPBSy4o2yU" width="600" height="338" title="«La primera deflación global comenzó. Y no hay manera de saber qué tan grave será» — Santa Fe Casa de Valores S.A." data-secret="EPBSy4o2yU" frameborder="0" marginwidth="0" marginheight="0" scrolling="no" class="wp-embedded-content"></iframe><script>
/*! This file is auto-generated */
!function(d,l){"use strict";l.querySelector&&d.addEventListener&&"undefined"!=typeof URL&&(d.wp=d.wp||{},d.wp.receiveEmbedMessage||(d.wp.receiveEmbedMessage=function(e){var t=e.data;if((t||t.secret||t.message||t.value)&&!/[^a-zA-Z0-9]/.test(t.secret)){for(var s,r,n,a=l.querySelectorAll('iframe[data-secret="'+t.secret+'"]'),o=l.querySelectorAll('blockquote[data-secret="'+t.secret+'"]'),c=new RegExp("^https?:$","i"),i=0;i<o.length;i++)o[i].style.display="none";for(i=0;i<a.length;i++)s=a[i],e.source===s.contentWindow&&(s.removeAttribute("style"),"height"===t.message?(1e3<(r=parseInt(t.value,10))?r=1e3:~~r<200&&(r=200),s.height=r):"link"===t.message&&(r=new URL(s.getAttribute("src")),n=new URL(t.value),c.test(n.protocol))&&n.host===r.host&&l.activeElement===s&&(d.top.location.href=t.value))}},d.addEventListener("message",d.wp.receiveEmbedMessage,!1),l.addEventListener("DOMContentLoaded",function(){for(var e,t,s=l.querySelectorAll("iframe.wp-embedded-content"),r=0;r<s.length;r++)(t=(e=s[r]).getAttribute("data-secret"))||(t=Math.random().toString(36).substring(2,12),e.src+="#?secret="+t,e.setAttribute("data-secret",t)),e.contentWindow.postMessage({message:"ready",secret:t},"*")},!1)))}(window,document);
//# sourceURL=https://www.santafevalores.com/wp-includes/js/wp-embed.min.js
</script>

Por todo el mundo, la rápida recuperación económica de la sacudida de la covid desató la mayor oleada inflacionaria que habíamos visto desde principios de los años ochenta. Para enfrentarla, en el verano de 2021, algunos bancos centrales comenzaron a elevar las tasas de interés. Brasil fue el primer país en hacerlo. A principios de&hellip;
