{"version":"1.0","provider_name":"Santa Fe Casa de Valores S.A.","provider_url":"https:\/\/www.santafevalores.com","author_name":"admin","author_url":"https:\/\/www.santafevalores.com\/index.php\/author\/santafevaloresuio_ggv0vv79\/","title":"Econom\u00eda de Ecuador crecer\u00eda 1,1% en 2023, seg\u00fan encuesta - Santa Fe Casa de Valores S.A.","type":"rich","width":600,"height":338,"html":"<blockquote class=\"wp-embedded-content\" data-secret=\"kNfZuZMMH3\"><a href=\"https:\/\/www.santafevalores.com\/index.php\/2023\/08\/31\/sfv20230831\/\">Econom\u00eda de Ecuador crecer\u00eda 1,1% en 2023, seg\u00fan encuesta<\/a><\/blockquote><iframe sandbox=\"allow-scripts\" security=\"restricted\" src=\"https:\/\/www.santafevalores.com\/index.php\/2023\/08\/31\/sfv20230831\/embed\/#?secret=kNfZuZMMH3\" width=\"600\" height=\"338\" title=\"\u00abEconom\u00eda de Ecuador crecer\u00eda 1,1% en 2023, seg\u00fan encuesta\u00bb \u2014 Santa Fe Casa de Valores S.A.\" data-secret=\"kNfZuZMMH3\" frameborder=\"0\" marginwidth=\"0\" marginheight=\"0\" scrolling=\"no\" class=\"wp-embedded-content\"><\/iframe><script>\n\/*! This file is auto-generated *\/\n!function(d,l){\"use strict\";l.querySelector&&d.addEventListener&&\"undefined\"!=typeof URL&&(d.wp=d.wp||{},d.wp.receiveEmbedMessage||(d.wp.receiveEmbedMessage=function(e){var t=e.data;if((t||t.secret||t.message||t.value)&&!\/[^a-zA-Z0-9]\/.test(t.secret)){for(var s,r,n,a=l.querySelectorAll('iframe[data-secret=\"'+t.secret+'\"]'),o=l.querySelectorAll('blockquote[data-secret=\"'+t.secret+'\"]'),c=new RegExp(\"^https?:$\",\"i\"),i=0;i<o.length;i++)o[i].style.display=\"none\";for(i=0;i<a.length;i++)s=a[i],e.source===s.contentWindow&&(s.removeAttribute(\"style\"),\"height\"===t.message?(1e3<(r=parseInt(t.value,10))?r=1e3:~~r<200&&(r=200),s.height=r):\"link\"===t.message&&(r=new URL(s.getAttribute(\"src\")),n=new URL(t.value),c.test(n.protocol))&&n.host===r.host&&l.activeElement===s&&(d.top.location.href=t.value))}},d.addEventListener(\"message\",d.wp.receiveEmbedMessage,!1),l.addEventListener(\"DOMContentLoaded\",function(){for(var e,t,s=l.querySelectorAll(\"iframe.wp-embedded-content\"),r=0;r<s.length;r++)(t=(e=s[r]).getAttribute(\"data-secret\"))||(t=Math.random().toString(36).substring(2,12),e.src+=\"#?secret=\"+t,e.setAttribute(\"data-secret\",t)),e.contentWindow.postMessage({message:\"ready\",secret:t},\"*\")},!1)))}(window,document);\n\/\/# sourceURL=https:\/\/www.santafevalores.com\/wp-includes\/js\/wp-embed.min.js\n<\/script>\n","thumbnail_url":"https:\/\/www.santafevalores.com\/wp-content\/uploads\/2023\/08\/F1MUKQ675MBDDRADIJAS4YCCR3I.jpg","thumbnail_width":1440,"thumbnail_height":1102,"description":"Bloomberg L\u00ednea \u2014 La nueva Encuesta de Expertos de la Econom\u00eda de Ecuador, realizada en agosto, reflej\u00f3 una ca\u00edda en la proyecci\u00f3n de crecimiento del Producto Interno Bruto (PIB) para 2023, frente a los resultados de julio. El consenso de los 22 analistas consultados, se\u00f1al\u00f3 que el crecimiento econ\u00f3mico de Ecuador ser\u00e1 de 1,1% en&hellip;"}

Economía de Ecuador crecería 1,1% en 2023, según encuesta - Santa Fe Casa de Valores S.A.

<blockquote class="wp-embedded-content" data-secret="kNfZuZMMH3"><a href="https://www.santafevalores.com/index.php/2023/08/31/sfv20230831/">Economía de Ecuador crecería 1,1% en 2023, según encuesta</a></blockquote><iframe sandbox="allow-scripts" security="restricted" src="https://www.santafevalores.com/index.php/2023/08/31/sfv20230831/embed/#?secret=kNfZuZMMH3" width="600" height="338" title="«Economía de Ecuador crecería 1,1% en 2023, según encuesta» — Santa Fe Casa de Valores S.A." data-secret="kNfZuZMMH3" frameborder="0" marginwidth="0" marginheight="0" scrolling="no" class="wp-embedded-content"></iframe><script>
/*! This file is auto-generated */
!function(d,l){"use strict";l.querySelector&&d.addEventListener&&"undefined"!=typeof URL&&(d.wp=d.wp||{},d.wp.receiveEmbedMessage||(d.wp.receiveEmbedMessage=function(e){var t=e.data;if((t||t.secret||t.message||t.value)&&!/[^a-zA-Z0-9]/.test(t.secret)){for(var s,r,n,a=l.querySelectorAll('iframe[data-secret="'+t.secret+'"]'),o=l.querySelectorAll('blockquote[data-secret="'+t.secret+'"]'),c=new RegExp("^https?:$","i"),i=0;i<o.length;i++)o[i].style.display="none";for(i=0;i<a.length;i++)s=a[i],e.source===s.contentWindow&&(s.removeAttribute("style"),"height"===t.message?(1e3<(r=parseInt(t.value,10))?r=1e3:~~r<200&&(r=200),s.height=r):"link"===t.message&&(r=new URL(s.getAttribute("src")),n=new URL(t.value),c.test(n.protocol))&&n.host===r.host&&l.activeElement===s&&(d.top.location.href=t.value))}},d.addEventListener("message",d.wp.receiveEmbedMessage,!1),l.addEventListener("DOMContentLoaded",function(){for(var e,t,s=l.querySelectorAll("iframe.wp-embedded-content"),r=0;r<s.length;r++)(t=(e=s[r]).getAttribute("data-secret"))||(t=Math.random().toString(36).substring(2,12),e.src+="#?secret="+t,e.setAttribute("data-secret",t)),e.contentWindow.postMessage({message:"ready",secret:t},"*")},!1)))}(window,document);
//# sourceURL=https://www.santafevalores.com/wp-includes/js/wp-embed.min.js
</script>

Bloomberg Línea — La nueva Encuesta de Expertos de la Economía de Ecuador, realizada en agosto, reflejó una caída en la proyección de crecimiento del Producto Interno Bruto (PIB) para 2023, frente a los resultados de julio. El consenso de los 22 analistas consultados, señaló que el crecimiento económico de Ecuador será de 1,1% en&hellip;
