{"version":"1.0","provider_name":"Santa Fe Casa de Valores S.A.","provider_url":"https:\/\/www.santafevalores.com","author_name":"admin","author_url":"https:\/\/www.santafevalores.com\/index.php\/author\/santafevaloresuio_ggv0vv79\/","title":"Censo en Ecuador: la poblaci\u00f3n creci\u00f3 en 2,5 millones de personas en 12 a\u00f1os - Santa Fe Casa de Valores S.A.","type":"rich","width":600,"height":338,"html":"<blockquote class=\"wp-embedded-content\" data-secret=\"8HrwfPPxCR\"><a href=\"https:\/\/www.santafevalores.com\/index.php\/2023\/09\/25\/sfv20230925uno\/\">Censo en Ecuador: la poblaci\u00f3n creci\u00f3 en 2,5 millones de personas en 12 a\u00f1os<\/a><\/blockquote><iframe sandbox=\"allow-scripts\" security=\"restricted\" src=\"https:\/\/www.santafevalores.com\/index.php\/2023\/09\/25\/sfv20230925uno\/embed\/#?secret=8HrwfPPxCR\" width=\"600\" height=\"338\" title=\"\u00abCenso en Ecuador: la poblaci\u00f3n creci\u00f3 en 2,5 millones de personas en 12 a\u00f1os\u00bb \u2014 Santa Fe Casa de Valores S.A.\" data-secret=\"8HrwfPPxCR\" frameborder=\"0\" marginwidth=\"0\" marginheight=\"0\" scrolling=\"no\" class=\"wp-embedded-content\"><\/iframe><script>\n\/*! This file is auto-generated *\/\n!function(d,l){\"use strict\";l.querySelector&&d.addEventListener&&\"undefined\"!=typeof URL&&(d.wp=d.wp||{},d.wp.receiveEmbedMessage||(d.wp.receiveEmbedMessage=function(e){var t=e.data;if((t||t.secret||t.message||t.value)&&!\/[^a-zA-Z0-9]\/.test(t.secret)){for(var s,r,n,a=l.querySelectorAll('iframe[data-secret=\"'+t.secret+'\"]'),o=l.querySelectorAll('blockquote[data-secret=\"'+t.secret+'\"]'),c=new RegExp(\"^https?:$\",\"i\"),i=0;i<o.length;i++)o[i].style.display=\"none\";for(i=0;i<a.length;i++)s=a[i],e.source===s.contentWindow&&(s.removeAttribute(\"style\"),\"height\"===t.message?(1e3<(r=parseInt(t.value,10))?r=1e3:~~r<200&&(r=200),s.height=r):\"link\"===t.message&&(r=new URL(s.getAttribute(\"src\")),n=new URL(t.value),c.test(n.protocol))&&n.host===r.host&&l.activeElement===s&&(d.top.location.href=t.value))}},d.addEventListener(\"message\",d.wp.receiveEmbedMessage,!1),l.addEventListener(\"DOMContentLoaded\",function(){for(var e,t,s=l.querySelectorAll(\"iframe.wp-embedded-content\"),r=0;r<s.length;r++)(t=(e=s[r]).getAttribute(\"data-secret\"))||(t=Math.random().toString(36).substring(2,12),e.src+=\"#?secret=\"+t,e.setAttribute(\"data-secret\",t)),e.contentWindow.postMessage({message:\"ready\",secret:t},\"*\")},!1)))}(window,document);\n\/\/# sourceURL=https:\/\/www.santafevalores.com\/wp-includes\/js\/wp-embed.min.js\n<\/script>\n","thumbnail_url":"https:\/\/www.santafevalores.com\/wp-content\/uploads\/2023\/09\/E1EBDBLBLD5GGNKC36KIJKP5PXY.jpg","thumbnail_width":800,"thumbnail_height":535,"description":"El Censo de Poblaci\u00f3n y Vivienda llevado a cabo el 7 de noviembre de 2022 arroj\u00f3 que viv\u00edan en el pa\u00eds ese d\u00eda 16\u2032938.986 de personas, lo que implica un crecimiento de 2,5 millones respecto del relevamiento de 2010. Existe una una mayor\u00eda de mujeres en el pa\u00eds, con 8\u2032686.463, lo que representa el 51,3%,&hellip;"}

Censo en Ecuador: la población creció en 2,5 millones de personas en 12 años - Santa Fe Casa de Valores S.A.

<blockquote class="wp-embedded-content" data-secret="8HrwfPPxCR"><a href="https://www.santafevalores.com/index.php/2023/09/25/sfv20230925uno/">Censo en Ecuador: la población creció en 2,5 millones de personas en 12 años</a></blockquote><iframe sandbox="allow-scripts" security="restricted" src="https://www.santafevalores.com/index.php/2023/09/25/sfv20230925uno/embed/#?secret=8HrwfPPxCR" width="600" height="338" title="«Censo en Ecuador: la población creció en 2,5 millones de personas en 12 años» — Santa Fe Casa de Valores S.A." data-secret="8HrwfPPxCR" frameborder="0" marginwidth="0" marginheight="0" scrolling="no" class="wp-embedded-content"></iframe><script>
/*! This file is auto-generated */
!function(d,l){"use strict";l.querySelector&&d.addEventListener&&"undefined"!=typeof URL&&(d.wp=d.wp||{},d.wp.receiveEmbedMessage||(d.wp.receiveEmbedMessage=function(e){var t=e.data;if((t||t.secret||t.message||t.value)&&!/[^a-zA-Z0-9]/.test(t.secret)){for(var s,r,n,a=l.querySelectorAll('iframe[data-secret="'+t.secret+'"]'),o=l.querySelectorAll('blockquote[data-secret="'+t.secret+'"]'),c=new RegExp("^https?:$","i"),i=0;i<o.length;i++)o[i].style.display="none";for(i=0;i<a.length;i++)s=a[i],e.source===s.contentWindow&&(s.removeAttribute("style"),"height"===t.message?(1e3<(r=parseInt(t.value,10))?r=1e3:~~r<200&&(r=200),s.height=r):"link"===t.message&&(r=new URL(s.getAttribute("src")),n=new URL(t.value),c.test(n.protocol))&&n.host===r.host&&l.activeElement===s&&(d.top.location.href=t.value))}},d.addEventListener("message",d.wp.receiveEmbedMessage,!1),l.addEventListener("DOMContentLoaded",function(){for(var e,t,s=l.querySelectorAll("iframe.wp-embedded-content"),r=0;r<s.length;r++)(t=(e=s[r]).getAttribute("data-secret"))||(t=Math.random().toString(36).substring(2,12),e.src+="#?secret="+t,e.setAttribute("data-secret",t)),e.contentWindow.postMessage({message:"ready",secret:t},"*")},!1)))}(window,document);
//# sourceURL=https://www.santafevalores.com/wp-includes/js/wp-embed.min.js
</script>

El Censo de Población y Vivienda llevado a cabo el 7 de noviembre de 2022 arrojó que vivían en el país ese día 16′938.986 de personas, lo que implica un crecimiento de 2,5 millones respecto del relevamiento de 2010. Existe una una mayoría de mujeres en el país, con 8′686.463, lo que representa el 51,3%,&hellip;
