{"version":"1.0","provider_name":"Santa Fe Casa de Valores S.A.","provider_url":"https:\/\/www.santafevalores.com","author_name":"admin","author_url":"https:\/\/www.santafevalores.com\/index.php\/author\/santafevaloresuio_ggv0vv79\/","title":"El debate: dos horas de propuestas para gobernar Ecuador - Santa Fe Casa de Valores S.A.","type":"rich","width":600,"height":338,"html":"<blockquote class=\"wp-embedded-content\" data-secret=\"IGoOTWgKPH\"><a href=\"https:\/\/www.santafevalores.com\/index.php\/2023\/10\/02\/sfv20231002uno\/\">El debate: dos horas de propuestas para gobernar Ecuador<\/a><\/blockquote><iframe sandbox=\"allow-scripts\" security=\"restricted\" src=\"https:\/\/www.santafevalores.com\/index.php\/2023\/10\/02\/sfv20231002uno\/embed\/#?secret=IGoOTWgKPH\" width=\"600\" height=\"338\" title=\"\u00abEl debate: dos horas de propuestas para gobernar Ecuador\u00bb \u2014 Santa Fe Casa de Valores S.A.\" data-secret=\"IGoOTWgKPH\" frameborder=\"0\" marginwidth=\"0\" marginheight=\"0\" scrolling=\"no\" class=\"wp-embedded-content\"><\/iframe><script>\n\/*! This file is auto-generated *\/\n!function(d,l){\"use strict\";l.querySelector&&d.addEventListener&&\"undefined\"!=typeof URL&&(d.wp=d.wp||{},d.wp.receiveEmbedMessage||(d.wp.receiveEmbedMessage=function(e){var t=e.data;if((t||t.secret||t.message||t.value)&&!\/[^a-zA-Z0-9]\/.test(t.secret)){for(var s,r,n,a=l.querySelectorAll('iframe[data-secret=\"'+t.secret+'\"]'),o=l.querySelectorAll('blockquote[data-secret=\"'+t.secret+'\"]'),c=new RegExp(\"^https?:$\",\"i\"),i=0;i<o.length;i++)o[i].style.display=\"none\";for(i=0;i<a.length;i++)s=a[i],e.source===s.contentWindow&&(s.removeAttribute(\"style\"),\"height\"===t.message?(1e3<(r=parseInt(t.value,10))?r=1e3:~~r<200&&(r=200),s.height=r):\"link\"===t.message&&(r=new URL(s.getAttribute(\"src\")),n=new URL(t.value),c.test(n.protocol))&&n.host===r.host&&l.activeElement===s&&(d.top.location.href=t.value))}},d.addEventListener(\"message\",d.wp.receiveEmbedMessage,!1),l.addEventListener(\"DOMContentLoaded\",function(){for(var e,t,s=l.querySelectorAll(\"iframe.wp-embedded-content\"),r=0;r<s.length;r++)(t=(e=s[r]).getAttribute(\"data-secret\"))||(t=Math.random().toString(36).substring(2,12),e.src+=\"#?secret=\"+t,e.setAttribute(\"data-secret\",t)),e.contentWindow.postMessage({message:\"ready\",secret:t},\"*\")},!1)))}(window,document);\n\/\/# sourceURL=https:\/\/www.santafevalores.com\/wp-includes\/js\/wp-embed.min.js\n<\/script>\n","thumbnail_url":"https:\/\/www.santafevalores.com\/wp-content\/uploads\/2023\/10\/A2651aa83449186.webp","thumbnail_width":822,"thumbnail_height":460,"description":"El debate de segunda vuelta electoral se realiz\u00f3 sin contratiempos la noche del 1 de octubre. Luisa Gonz\u00e1lez y Daniel Noboa se presentaron ante el pa\u00eds con sus planes de gobierno, pero sin aclarar c\u00f3mo lo har\u00e1n. Los candidatos se disputar\u00e1n la presidencia de Ecuador el 15 de octubre de 2023. Luisa Gonz\u00e1lez y Daniel&hellip;"}

El debate de segunda vuelta electoral se realizó sin contratiempos la noche del 1 de octubre. Luisa González y Daniel Noboa se presentaron ante el país con sus planes de gobierno, pero sin aclarar cómo lo harán. Los candidatos se disputarán la presidencia de Ecuador el 15 de octubre de 2023. Luisa González y Daniel&hellip;
