{"version":"1.0","provider_name":"Santa Fe Casa de Valores S.A.","provider_url":"https:\/\/www.santafevalores.com","author_name":"admin","author_url":"https:\/\/www.santafevalores.com\/index.php\/author\/santafevaloresuio_ggv0vv79\/","title":"Ecuador declara emergencia el\u00e9ctrica, luego de que Colombia restringiera la venta de energ\u00eda - Santa Fe Casa de Valores S.A.","type":"rich","width":600,"height":338,"html":"<blockquote class=\"wp-embedded-content\" data-secret=\"s2a6H91b6x\"><a href=\"https:\/\/www.santafevalores.com\/index.php\/2023\/10\/18\/sfv20231018uno\/\">Ecuador declara emergencia el\u00e9ctrica, luego de que Colombia restringiera la venta de energ\u00eda<\/a><\/blockquote><iframe sandbox=\"allow-scripts\" security=\"restricted\" src=\"https:\/\/www.santafevalores.com\/index.php\/2023\/10\/18\/sfv20231018uno\/embed\/#?secret=s2a6H91b6x\" width=\"600\" height=\"338\" title=\"\u00abEcuador declara emergencia el\u00e9ctrica, luego de que Colombia restringiera la venta de energ\u00eda\u00bb \u2014 Santa Fe Casa de Valores S.A.\" data-secret=\"s2a6H91b6x\" frameborder=\"0\" marginwidth=\"0\" marginheight=\"0\" scrolling=\"no\" class=\"wp-embedded-content\"><\/iframe><script>\n\/*! This file is auto-generated *\/\n!function(d,l){\"use strict\";l.querySelector&&d.addEventListener&&\"undefined\"!=typeof URL&&(d.wp=d.wp||{},d.wp.receiveEmbedMessage||(d.wp.receiveEmbedMessage=function(e){var t=e.data;if((t||t.secret||t.message||t.value)&&!\/[^a-zA-Z0-9]\/.test(t.secret)){for(var s,r,n,a=l.querySelectorAll('iframe[data-secret=\"'+t.secret+'\"]'),o=l.querySelectorAll('blockquote[data-secret=\"'+t.secret+'\"]'),c=new RegExp(\"^https?:$\",\"i\"),i=0;i<o.length;i++)o[i].style.display=\"none\";for(i=0;i<a.length;i++)s=a[i],e.source===s.contentWindow&&(s.removeAttribute(\"style\"),\"height\"===t.message?(1e3<(r=parseInt(t.value,10))?r=1e3:~~r<200&&(r=200),s.height=r):\"link\"===t.message&&(r=new URL(s.getAttribute(\"src\")),n=new URL(t.value),c.test(n.protocol))&&n.host===r.host&&l.activeElement===s&&(d.top.location.href=t.value))}},d.addEventListener(\"message\",d.wp.receiveEmbedMessage,!1),l.addEventListener(\"DOMContentLoaded\",function(){for(var e,t,s=l.querySelectorAll(\"iframe.wp-embedded-content\"),r=0;r<s.length;r++)(t=(e=s[r]).getAttribute(\"data-secret\"))||(t=Math.random().toString(36).substring(2,12),e.src+=\"#?secret=\"+t,e.setAttribute(\"data-secret\",t)),e.contentWindow.postMessage({message:\"ready\",secret:t},\"*\")},!1)))}(window,document);\n\/\/# sourceURL=https:\/\/www.santafevalores.com\/wp-includes\/js\/wp-embed.min.js\n<\/script>\n","thumbnail_url":"https:\/\/www.santafevalores.com\/wp-content\/uploads\/2023\/10\/A1PSOL2NG5VRFIZD3CPKXG74JZRY.jpg","thumbnail_width":800,"thumbnail_height":427,"description":"El Gobierno ecuatoriano declar\u00f3 la emergencia en el sector el\u00e9ctrico en el marco de la ausencia de lluvias en la zona occidental del pa\u00eds, producto del impacto del Fen\u00f3meno de El Ni\u00f1o. As\u00ed lo comunic\u00f3 hoy, desde sus redes, el Ministerio de Energ\u00eda y Minas que conduce Fernando Santos Alvite. La administraci\u00f3n Lasso tom\u00f3 la&hellip;"}

Ecuador declara emergencia eléctrica, luego de que Colombia restringiera la venta de energía - Santa Fe Casa de Valores S.A.

<blockquote class="wp-embedded-content" data-secret="s2a6H91b6x"><a href="https://www.santafevalores.com/index.php/2023/10/18/sfv20231018uno/">Ecuador declara emergencia eléctrica, luego de que Colombia restringiera la venta de energía</a></blockquote><iframe sandbox="allow-scripts" security="restricted" src="https://www.santafevalores.com/index.php/2023/10/18/sfv20231018uno/embed/#?secret=s2a6H91b6x" width="600" height="338" title="«Ecuador declara emergencia eléctrica, luego de que Colombia restringiera la venta de energía» — Santa Fe Casa de Valores S.A." data-secret="s2a6H91b6x" frameborder="0" marginwidth="0" marginheight="0" scrolling="no" class="wp-embedded-content"></iframe><script>
/*! This file is auto-generated */
!function(d,l){"use strict";l.querySelector&&d.addEventListener&&"undefined"!=typeof URL&&(d.wp=d.wp||{},d.wp.receiveEmbedMessage||(d.wp.receiveEmbedMessage=function(e){var t=e.data;if((t||t.secret||t.message||t.value)&&!/[^a-zA-Z0-9]/.test(t.secret)){for(var s,r,n,a=l.querySelectorAll('iframe[data-secret="'+t.secret+'"]'),o=l.querySelectorAll('blockquote[data-secret="'+t.secret+'"]'),c=new RegExp("^https?:$","i"),i=0;i<o.length;i++)o[i].style.display="none";for(i=0;i<a.length;i++)s=a[i],e.source===s.contentWindow&&(s.removeAttribute("style"),"height"===t.message?(1e3<(r=parseInt(t.value,10))?r=1e3:~~r<200&&(r=200),s.height=r):"link"===t.message&&(r=new URL(s.getAttribute("src")),n=new URL(t.value),c.test(n.protocol))&&n.host===r.host&&l.activeElement===s&&(d.top.location.href=t.value))}},d.addEventListener("message",d.wp.receiveEmbedMessage,!1),l.addEventListener("DOMContentLoaded",function(){for(var e,t,s=l.querySelectorAll("iframe.wp-embedded-content"),r=0;r<s.length;r++)(t=(e=s[r]).getAttribute("data-secret"))||(t=Math.random().toString(36).substring(2,12),e.src+="#?secret="+t,e.setAttribute("data-secret",t)),e.contentWindow.postMessage({message:"ready",secret:t},"*")},!1)))}(window,document);
//# sourceURL=https://www.santafevalores.com/wp-includes/js/wp-embed.min.js
</script>

El Gobierno ecuatoriano declaró la emergencia en el sector eléctrico en el marco de la ausencia de lluvias en la zona occidental del país, producto del impacto del Fenómeno de El Niño. Así lo comunicó hoy, desde sus redes, el Ministerio de Energía y Minas que conduce Fernando Santos Alvite. La administración Lasso tomó la&hellip;
