{"version":"1.0","provider_name":"Santa Fe Casa de Valores S.A.","provider_url":"https:\/\/www.santafevalores.com","author_name":"admin","author_url":"https:\/\/www.santafevalores.com\/index.php\/author\/santafevaloresuio_ggv0vv79\/","title":"Contenidos relacionados con C\u00edvica, \u00c9tica y Ciudadan\u00eda se incluir\u00e1n en todas las materias que se impartan en el pr\u00f3ximo a\u00f1o lectivo del 2024-2025. - Santa Fe Casa de Valores S.A.","type":"rich","width":600,"height":338,"html":"<blockquote class=\"wp-embedded-content\" data-secret=\"wLXDY4YTAX\"><a href=\"https:\/\/www.santafevalores.com\/index.php\/2023\/11\/22\/sfv20231122cuatro\/\">Contenidos relacionados con C\u00edvica, \u00c9tica y Ciudadan\u00eda se incluir\u00e1n en todas las materias que se impartan en el pr\u00f3ximo a\u00f1o lectivo del 2024-2025.<\/a><\/blockquote><iframe sandbox=\"allow-scripts\" security=\"restricted\" src=\"https:\/\/www.santafevalores.com\/index.php\/2023\/11\/22\/sfv20231122cuatro\/embed\/#?secret=wLXDY4YTAX\" width=\"600\" height=\"338\" title=\"\u00abContenidos relacionados con C\u00edvica, \u00c9tica y Ciudadan\u00eda se incluir\u00e1n en todas las materias que se impartan en el pr\u00f3ximo a\u00f1o lectivo del 2024-2025.\u00bb \u2014 Santa Fe Casa de Valores S.A.\" data-secret=\"wLXDY4YTAX\" frameborder=\"0\" marginwidth=\"0\" marginheight=\"0\" scrolling=\"no\" class=\"wp-embedded-content\"><\/iframe><script>\n\/*! This file is auto-generated *\/\n!function(d,l){\"use strict\";l.querySelector&&d.addEventListener&&\"undefined\"!=typeof URL&&(d.wp=d.wp||{},d.wp.receiveEmbedMessage||(d.wp.receiveEmbedMessage=function(e){var t=e.data;if((t||t.secret||t.message||t.value)&&!\/[^a-zA-Z0-9]\/.test(t.secret)){for(var s,r,n,a=l.querySelectorAll('iframe[data-secret=\"'+t.secret+'\"]'),o=l.querySelectorAll('blockquote[data-secret=\"'+t.secret+'\"]'),c=new RegExp(\"^https?:$\",\"i\"),i=0;i<o.length;i++)o[i].style.display=\"none\";for(i=0;i<a.length;i++)s=a[i],e.source===s.contentWindow&&(s.removeAttribute(\"style\"),\"height\"===t.message?(1e3<(r=parseInt(t.value,10))?r=1e3:~~r<200&&(r=200),s.height=r):\"link\"===t.message&&(r=new URL(s.getAttribute(\"src\")),n=new URL(t.value),c.test(n.protocol))&&n.host===r.host&&l.activeElement===s&&(d.top.location.href=t.value))}},d.addEventListener(\"message\",d.wp.receiveEmbedMessage,!1),l.addEventListener(\"DOMContentLoaded\",function(){for(var e,t,s=l.querySelectorAll(\"iframe.wp-embedded-content\"),r=0;r<s.length;r++)(t=(e=s[r]).getAttribute(\"data-secret\"))||(t=Math.random().toString(36).substring(2,12),e.src+=\"#?secret=\"+t,e.setAttribute(\"data-secret\",t)),e.contentWindow.postMessage({message:\"ready\",secret:t},\"*\")},!1)))}(window,document);\n\/\/# sourceURL=https:\/\/www.santafevalores.com\/wp-includes\/js\/wp-embed.min.js\n<\/script>\n","thumbnail_url":"https:\/\/www.santafevalores.com\/wp-content\/uploads\/2023\/11\/A120231122.webp","thumbnail_width":1293,"thumbnail_height":687,"description":"La nueva malla curricular del Sistema Nacional de Educaci\u00f3n en Ecuador, que estar\u00e1 vigente para el a\u00f1o 2024-2025, tendr\u00e1 materias de C\u00edvica, \u00c9tica y Ciudadan\u00eda en las aulas de los planteles educativos, luego de siete a\u00f1os. Las materias se incluir\u00e1n de forma transversal en los contenidos que toman los alumnos desde primer grado hasta tercero&hellip;"}

Contenidos relacionados con Cívica, Ética y Ciudadanía se incluirán en todas las materias que se impartan en el próximo año lectivo del 2024-2025. - Santa Fe Casa de Valores S.A.

<blockquote class="wp-embedded-content" data-secret="wLXDY4YTAX"><a href="https://www.santafevalores.com/index.php/2023/11/22/sfv20231122cuatro/">Contenidos relacionados con Cívica, Ética y Ciudadanía se incluirán en todas las materias que se impartan en el próximo año lectivo del 2024-2025.</a></blockquote><iframe sandbox="allow-scripts" security="restricted" src="https://www.santafevalores.com/index.php/2023/11/22/sfv20231122cuatro/embed/#?secret=wLXDY4YTAX" width="600" height="338" title="«Contenidos relacionados con Cívica, Ética y Ciudadanía se incluirán en todas las materias que se impartan en el próximo año lectivo del 2024-2025.» — Santa Fe Casa de Valores S.A." data-secret="wLXDY4YTAX" frameborder="0" marginwidth="0" marginheight="0" scrolling="no" class="wp-embedded-content"></iframe><script>
/*! This file is auto-generated */
!function(d,l){"use strict";l.querySelector&&d.addEventListener&&"undefined"!=typeof URL&&(d.wp=d.wp||{},d.wp.receiveEmbedMessage||(d.wp.receiveEmbedMessage=function(e){var t=e.data;if((t||t.secret||t.message||t.value)&&!/[^a-zA-Z0-9]/.test(t.secret)){for(var s,r,n,a=l.querySelectorAll('iframe[data-secret="'+t.secret+'"]'),o=l.querySelectorAll('blockquote[data-secret="'+t.secret+'"]'),c=new RegExp("^https?:$","i"),i=0;i<o.length;i++)o[i].style.display="none";for(i=0;i<a.length;i++)s=a[i],e.source===s.contentWindow&&(s.removeAttribute("style"),"height"===t.message?(1e3<(r=parseInt(t.value,10))?r=1e3:~~r<200&&(r=200),s.height=r):"link"===t.message&&(r=new URL(s.getAttribute("src")),n=new URL(t.value),c.test(n.protocol))&&n.host===r.host&&l.activeElement===s&&(d.top.location.href=t.value))}},d.addEventListener("message",d.wp.receiveEmbedMessage,!1),l.addEventListener("DOMContentLoaded",function(){for(var e,t,s=l.querySelectorAll("iframe.wp-embedded-content"),r=0;r<s.length;r++)(t=(e=s[r]).getAttribute("data-secret"))||(t=Math.random().toString(36).substring(2,12),e.src+="#?secret="+t,e.setAttribute("data-secret",t)),e.contentWindow.postMessage({message:"ready",secret:t},"*")},!1)))}(window,document);
//# sourceURL=https://www.santafevalores.com/wp-includes/js/wp-embed.min.js
</script>

La nueva malla curricular del Sistema Nacional de Educación en Ecuador, que estará vigente para el año 2024-2025, tendrá materias de Cívica, Ética y Ciudadanía en las aulas de los planteles educativos, luego de siete años. Las materias se incluirán de forma transversal en los contenidos que toman los alumnos desde primer grado hasta tercero&hellip;
